6) to base 13.
-3ca
406d (base 15) to base 16
3523
-1688 (base 16) to base 14
-2160
What is 4656 (base 16) in base 15?
5506
What is -1db (base 14) in base 5?
-3024
136 (base 16) to base 2
100110110
Convert 17309 (base 11) to base 12.
120b6
-213b (base 15) to base 12
-409b
-108 (base 14) to base 12
-150
What is 1635 (base 7) in base 2?
1010010111
What is -260c (base 16) in base 12?
-5778
What is 9692 (base 15) in base 12?
16532
-172 (base 16) to base 3
-111201
322333 (base 4) to base 6
25251
Convert 4525 (base 8) to base 15.
a94
Convert -114214 (base 5) to base 15.
-1424
Convert 112420 (base 5) to base 7.
14661
-130222 (base 5) to base 13
-23c5
Convert -ba2 (base 14) to base 8.
-4372
10000011 (base 2) to base 10
131
Convert 278 (base 13) to base 12.
305
-1100100011 (base 2) to base 3
-1002202
1044 (base 5) to base 9
175
Convert -520 (base 14) to base 5.
-13013
Convert 21461 (base 9) to base 11.
a767
Convert -15012 (base 7) to base 4.
-1000131
-212301 (base 4) to base 15
-b06
-412 (base 7) to base 4
-3031
What is 2119 (base 12) in base 15?
1116
What is -16062 (base 7) in base 10?
-4503
Convert -6b5 (base 14) to base 16.
-537
Convert -12323 (base 4) to base 9.
-542
What is -79b (base 12) in base 10?
-1127
1632 (base 13) to base 2
110010110100
Convert 7436 (base 9) to base 10.
5460
546 (base 7) to base 13
186
Convert -1048 (base 10) to base 14.
-54c
Convert -23020 (base 12) to base 8.
-133130
-210100201 (base 3) to base 9
-23321
Convert -10210111 (base 3) to base 7.
-11032
Convert -1000111110 (base 2) to base 11.
-482
What is 11551 (base 8) in base 3?
20211001
-3333 (base 5) to base 11
-396
What is -110132 (base 5) in base 14?
-154c
Convert -7939 (base 11) to base 6.
-120212
Convert -22000022 (base 3) to base 11.
-442a
Convert -241 (base 7) to base 2.
-1111111
What is -38a7 (base 13) in base 16?
-1f90
Convert -47260 (base 10) to base 15.
-e00a
What is 3069 (base 10) in base 3?
11012200
Convert 5982 (base 12) to base 5.
310114
-20531 (base 6) to base 8
-5347
-33302 (base 7) to base 2
-10000010111101
40044 (base 6) to base 9
7131
What is -1231 (base 7) in base 2?
-111001111
What is -362a (base 13) in base 9?
-11430
2ce (base 16) to base 6
3154
Convert 3540 (base 6) to base 4.
31110
What is -1a89 (base 13) in base 12?
-2394
Convert -1350 (base 10) to base 8.
-2506
-510 (base 8) to base 11
-279
What is -327 (base 10) in base 5?
-2302
1212024 (base 6) to base 4
33213100
-2a5c3 (base 13) to base 9
-131775
-24061 (base 7) to base 8
-14111
What is -1018 (base 9) in base 4?
-23222
What is -89b0 (base 12) in base 14?
-57b6
11123 (base 10) to base 11
83a2
Convert 551 (base 8) to base 2.
101101001
Convert -221 (base 12) to base 9.
-377
What is -10000201 (base 3) in base 14?
-b38
a1 (base 13) to base 4
2003
What is -20120 (base 4) in base 16?
-218
-611 (base 11) to base 4
-23202
What is 10201 (base 5) in base 9?
831
-11111000110010 (base 2) to base 8
-37062
-34055 (base 8) to base 7
-56633
Convert -2aa (base 16) to base 9.
-837
Convert 103310 (base 4) to base 14.
668
4224 (base 6) to base 3
1022021
Convert -12000331 (base 4) to base 5.
-1242022
What is 38581 (base 11) in base 5?
3232030
Convert 4994 (base 10) to base 4.
1032002
What is -8521 (base 15) in base 8?
-66774
What is -113452 (base 6) in base 5?
-304041
What is -28ba (base 13) in base 7?
-23125
Convert 2216 (base 10) to base 8.
4250
Convert -11002101 (base 3) to base 7.
-11455
Convert 5503 (base 6) to base 15.
593
What is 9b (base 15) in base 14?
a6
What is 2613 (base 9) in base 5?
30311
What is 10101101011101 (base 2) in base 5?
323401
-100001000101 (base 2) to base 12
-1285
174 (base 11) to base 4
3022
-35891 (base 10) to base 14
-d119
What is -112122 (base 3) in base 16?
-18b
-74a1 (base 14) to base 7
-112461
What is -5033 (base 7) in base 14?
-8c3
Convert 6131 (base 8) to base 15.
e0b
What is 10011110111010 (base 2) in base 16?
27ba
What is 120 (base 9) in base 13?
78
What is -672 (base 8) in base 10?
-442
What is 1000101110 (base 2) in base 7?
1425
Convert -1112 (base 5) to base 12.
-111
Convert -10101000011010001 (base 2) to base 9.
-141245
238 (base 11) to base 16
11b
Convert 4341 (base 5) to base 11.
4a2
Convert -436 (base 10) to base 6.
-2004
122356 (base 7) to base 8
53723
What is -757 (base 10) in base 11?
-629
Convert -110311 (base 4) to base 11.
-1002
11111001 (base 2) to base 16
f9
What is 11111000011 (base 2) in base 12?
1197
-51c (base 13) to base 4
-31212
Convert -1032413 (base 5) to base 13.
-8189
-34 (base 15) to base 8
-61
What is -5757 (base 8) in base 9?
-4164
11994 (base 11) to base 4
10030030
What is 9787 (base 10) in base 2?
10011000111011
875 (base 14) to base 4
122013
Convert -21011020 (base 3) to base 9.
-7136
-544 (base 8) to base 13
-215
-9d6 (base 15) to base 4
-202302
5504 (base 12) to base 14
35ac
Convert -1a6 (base 12) to base 16.
-10e
Convert 1962 (base 16) to base 8.
14542
882 (base 12) to base 8
2342
-11232 (base 4) to base 6
-1410
-10201 (base 5) to base 12
-484
Convert 514 (base 15) to base 10.
1144
What is 773 (base 16) in base 12?
112b
12043 (base 7) to base 11
2385
-33134 (base 5) to base 14
-b9c
What is -4e6 (base 15) in base 16?
-45c
1749 (base 14) to base 2
1000001010101
-57f4 (base 16) to base 10
-22516
What is -38861 (base 9) in base 15?
-7b7d
What is 2e0 (base 15) in base 8?
1224
What is 1100000111000000 (base 2) in base 5?
3041400
Convert -334 (base 8) to base 13.
-13c
What is 1fd7 (base 16) in base 13?
3930
Convert -29ac (base 13) to base 7.
-23442
What is 342 (base 5) in base 11?
89
-3124 (base 12) to base 5
-132411
What is 4627 (base 8) in base 13?
116b
What is 377 (base 10) in base 5?
3002
Convert -b913 (base 12) to base 8.
-47537
What is 100110100 (base 2) in base 8?
464
Convert -7321 (base 9) to base 4.
-1103311
Convert -469 (base 12) to base 6.
-3013
-b959 (base 14) to base 12
-1664b
Convert -2022001 (base 3) to base 2.
-11010001011
-3885 (base 9) to base 5
-43122
-1112102 (base 3) to base 5
-13433
531 (base 7) to base 5
2032
What is -226 (base 10) in base 2?
-11100010
What is -6921 (base 10) in base 12?
-4009
What is 395d (base 14) in base 7?
41246
What is 313203 (base 4) in base 15?
10c0
Convert -92 (base 15) to base 7.
-254
2785 (base 13) to base 8
13066
Convert -3897 (base 12) to base 2.
-1100100110011
-1081 (base 14) to base 12
-17a1
Convert -cad (base 14) to base 16.
-9c9
-231022 (base 4) to base 10
-2890
What is -11685 (base 9) in base 4?
-1322231
Convert -4d6 (base 14) to base 9.
-1300
Convert 1950 (base 15) to base 2.
1010101100011
-13e (base 15) to base 14
-164
What is -101023 (base 4) in base 9?
-1451
What is 100100 (base 6) in base 12?
4630
What is 100220 (base 4) in base 12?
748
Convert 200 (base 3) to base 7.
24
114110 (base 5) to base 2
1000010111000
What is -122020220 (base 3) in base 15?
-3ad9
Convert -558b (base 13) to base 15.
-3815
-2367 (base 8) to base 5
-20041
160633 (base 7) to base 4
13230223
What is 20012221 (base 3) in base 6?
32554
200202 (base 3) to base 13
2cc
Convert 688 (base 12) to base 7.
2552
Convert -b0a6 (base 12) to base 13.
-892b
Convert -115322 (base 6) to base 13.
-48a4
What is 2103 (base 15) in base 14?
2786
What is 1a7a5 (base 11) in base 15?
8878
What is -55a (base 15) in base 7?
-3346
Convert 23051 (base 6) to base 12.
1a87
-10700 (base 8) to base 5
-121134
What is -100340 (base 5) in base 6?
-22524
2a0 (base 15) to base 4
21120
-140516 (base 7) to base 3
-1100120202
Convert -1132132 (base 4) to base 2.
-1011110011110
-c98 (base 15) to base 4
-230123
122020222 (base 3) to base 9
18228
Convert 100111100000 (base 2) to base 5.
40103
-10102 (base 3) to base 9
-112
Convert -441 (base 12) to base 8.
-1161
What is 27888 (base 9) in base 2?
100101000001001
-10010100000010 (base 2) to base 15
-2c19
Convert 92c8 (base 16) to base 12.
198b4
-10042240 (base 5) to base 11
-558a7
718 (base 16) to base 6
12224
-27094 (base 10) to base 13
-c442
Convert 3225 (base 7) to base 14.
5bc
Convert -4606 (base 7) to base 3.
-2021221
Convert 50 (base 11) to base 10.
55
Convert -931 (base 14) to base 11.
-13a3
What is -413 (base 10) in base 6?
-1525
Convert -166073 (base 8) to base 10.
-60475
What is -2751 (base 8) in base 2?
-10111101001
Convert 11021210 (base 3) to base 4.
300312
-14135 (base 6) to base 16
-8ab
What is 2